{"id":97,"date":"2014-10-27T14:47:55","date_gmt":"2014-10-27T13:47:55","guid":{"rendered":"http:\/\/aresasso.wordpress.com\/?page_id=97"},"modified":"2014-10-27T14:47:55","modified_gmt":"2014-10-27T13:47:55","slug":"publication","status":"publish","type":"page","link":"https:\/\/arec.asso.fr\/?page_id=97","title":{"rendered":"Publications"},"content":{"rendered":"<p>L&rsquo;une des missions de l&rsquo;AREC est de supporter scientifiquement et mat\u00e9riellement l&rsquo;\u00e9laboration et la publication de supports p\u00e9dagogiques. Les ouvrages list\u00e9s ci-dessous ont \u00e9t\u00e9 publi\u00e9s gr\u00e2ce au soutien de l&rsquo;AREC\u00a0 :<\/p>\n<ol>\n<li>Xu Dan (dir.), Xu Shuang, Qi Chong, Fabienne Marc (auteurs),<a href=\"http:\/\/www.asiatheque.com\/fr\/book\/les-resultatifs-du-chinois-contemporain\" target=\"_blank\"> <i>Dictionnaire Pratique des R\u00e9sultatifs du Chinois Contemporain<\/i><\/a>,\u00a0<span style=\"font-size:13px;\">L&rsquo;Asiath\u00e8que, Paris 2008.<\/span><\/li>\n<\/ol>\n<p><a title=\"Acheter ce livre\" href=\"http:\/\/www.asiatheque.com\/fr\/book\/les-resultatifs-du-chinois-contemporain\" target=\"_blank\"><img loading=\"lazy\" decoding=\"async\" class=\"size-medium wp-image-221 aligncenter\" src=\"http:\/\/arec.asso.fr\/wp-content\/uploads\/2014\/10\/resultatifschinoisweb_big.gif?w=188\" alt=\"resultatifschinoisweb_big\" width=\"188\" height=\"300\" \/><\/a><\/p>\n<p>&nbsp;<\/p>\n","protected":false},"excerpt":{"rendered":"<p>L&rsquo;une des missions de l&rsquo;AREC est de supporter scientifiquement et mat\u00e9riellement l&rsquo;\u00e9laboration et la publication de supports p\u00e9dagogiques. Les ouvrages list\u00e9s ci-dessous ont \u00e9t\u00e9 publi\u00e9s gr\u00e2ce au soutien de l&rsquo;AREC\u00a0 : Xu Dan (dir.), Xu Shuang, Qi Chong, Fabienne Marc (auteurs), Dictionnaire Pratique des R\u00e9sultatifs du Chinois Contemporain,\u00a0L&rsquo;Asiath\u00e8que, Paris 2008. &nbsp;<\/p>\n","protected":false},"author":1,"featured_media":0,"parent":0,"menu_order":0,"comment_status":"open","ping_status":"closed","template":"page-templates\/template-full-width.php","meta":{"footnotes":""},"class_list":["post-97","page","type-page","status-publish","hentry"],"_links":{"self":[{"href":"https:\/\/arec.asso.fr\/index.php?rest_route=\/wp\/v2\/pages\/97","targetHints":{"allow":["GET"]}}],"collection":[{"href":"https:\/\/arec.asso.fr\/index.php?rest_route=\/wp\/v2\/pages"}],"about":[{"href":"https:\/\/arec.asso.fr\/index.php?rest_route=\/wp\/v2\/types\/page"}],"author":[{"embeddable":true,"href":"https:\/\/arec.asso.fr\/index.php?rest_route=\/wp\/v2\/users\/1"}],"replies":[{"embeddable":true,"href":"https:\/\/arec.asso.fr\/index.php?rest_route=%2Fwp%2Fv2%2Fcomments&post=97"}],"version-history":[{"count":0,"href":"https:\/\/arec.asso.fr\/index.php?rest_route=\/wp\/v2\/pages\/97\/revisions"}],"wp:attachment":[{"href":"https:\/\/arec.asso.fr\/index.php?rest_route=%2Fwp%2Fv2%2Fmedia&parent=97"}],"curies":[{"name":"wp","href":"https:\/\/api.w.org\/{rel}","templated":true}]}}