{"id":94,"date":"2014-10-27T14:45:41","date_gmt":"2014-10-27T13:45:41","guid":{"rendered":"http:\/\/aresasso.wordpress.com\/?page_id=94"},"modified":"2014-10-27T14:45:41","modified_gmt":"2014-10-27T13:45:41","slug":"2003-2","status":"publish","type":"page","link":"https:\/\/arec.asso.fr\/?page_id=94","title":{"rendered":"2003"},"content":{"rendered":"<h2>L&rsquo;enseignement du chinois en France &#8211; Probl\u00e8mes et r\u00e9flexions<\/h2>\n<p>Samedi 24 mai 2003 &#8211; Universit\u00e9 Paris 7 &#8211; UFR LCAO<\/p>\n<h3>Programme<\/h3>\n<p>&nbsp;<\/p>\n<ul>\n<li>Xu Dan (INALCO)<i>L\u2019enseignement du chinois classique: probl\u00e8mes et r\u00e9flexions<\/i><\/li>\n<\/ul>\n<ul>\n<li>Monique HOA (Universit\u00e9 Paris 7)<i>Emplois des <span style=\"font-family:SimSun;\">\u6210\u8bed<\/span> chengyu en chinois moderne<\/i><\/li>\n<\/ul>\n<ul>\n<li>Liu Suqiao &amp; Qi Chong (Universit\u00e9 des Langues de P\u00e9kin &amp; Universit\u00e9 Paris 7)<i><span style=\"font-family:SimSun;\">\u6cd5\u56fd\u5b66\u751f\u5728\u5bf9\u6c49\u8bed\u7684\u58f0\u6bcd\u7684\u4e60\u5f97\u4e2d\u51fa\u73b0\u7684\u96be\u70b9<\/span> (Difficult\u00e9s des apprenants fran\u00e7ais dans l\u2019acquisition des consonnes initiales du chinois)<\/i><\/li>\n<\/ul>\n<ul>\n<li>Nicolas Lyssenko (Universit\u00e9 Paris 7)<i>A propos de l\u2019enseignement de la phonologie du chinois moderne<\/i><\/li>\n<\/ul>\n<ul>\n<li>Eliane Favier (Universit\u00e9 Paris 7)<i>N\u00e9cessit\u00e9 d\u2019un cours de grammatologie pour d\u00e9butants<\/i><\/li>\n<\/ul>\n<ul>\n<li>Bernard Allanic (Lyc\u00e9e St-Martin de Rennes)<i>Pour un \u2018enseignement raisonn\u00e9\u2019 des sinogrammes<\/i><\/li>\n<\/ul>\n<ul>\n<li>Fabienne Marc (INALCO)<i>Le chinois par les films &#8211; Exemple de sc\u00e9nario p\u00e9dagogique centr\u00e9 autour de ressources filmiques num\u00e9ris\u00e9es<\/i><\/li>\n<\/ul>\n<ul>\n<li>Wen Huiping (Universit\u00e9 des Antilles et de la guyane)<i>Une exp\u00e9rience du CLE (chinois langue \u00e9trang\u00e8re) \u00e0 but p\u00e9dagogique<\/i><\/li>\n<\/ul>\n<ul>\n<li>Xu Shuang (INALCO)<i>L\u2019enseignement de l\u2019expression \u00e9crite aux \u00e9tudiants de deuxi\u00e8me ann\u00e9e<\/i><\/li>\n<\/ul>\n<ul>\n<li>Zhang Dan (INALCO &amp; Universit\u00e9 de langues \u00e9trang\u00e8res de P\u00e9kin)<i><span style=\"font-family:SimSun;\">\u6c49\u8bed\u7ed3\u679c\u8865\u8bed\u548c\u8d8b\u5411\u8865\u8bed\u5728\u6cd5\u8bed\u4e2d\u7684\u8868\u8ff0<\/span> (Rendu des compl\u00e9ments r\u00e9sultatifs et directionnels du chinois en fran\u00e7ais)<\/i><\/li>\n<\/ul>\n<p>&nbsp;<\/p>\n","protected":false},"excerpt":{"rendered":"<p>L&rsquo;enseignement du chinois en France &#8211; Probl\u00e8mes et r\u00e9flexions Samedi 24 mai 2003 &#8211; Universit\u00e9 Paris 7 &#8211; UFR LCAO Programme &nbsp; Xu Dan (INALCO)L\u2019enseignement du chinois classique: probl\u00e8mes et r\u00e9flexions Monique HOA (Universit\u00e9 Paris 7)Emplois des \u6210\u8bed chengyu en chinois moderne Liu Suqiao &amp; Qi Chong (Universit\u00e9 des Langues de P\u00e9kin &amp; Universit\u00e9 Paris&hellip;<\/p>\n","protected":false},"author":1,"featured_media":0,"parent":31,"menu_order":13,"comment_status":"open","ping_status":"closed","template":"page-templates\/template-full-width.php","meta":{"footnotes":""},"class_list":["post-94","page","type-page","status-publish","hentry"],"_links":{"self":[{"href":"https:\/\/arec.asso.fr\/index.php?rest_route=\/wp\/v2\/pages\/94","targetHints":{"allow":["GET"]}}],"collection":[{"href":"https:\/\/arec.asso.fr\/index.php?rest_route=\/wp\/v2\/pages"}],"about":[{"href":"https:\/\/arec.asso.fr\/index.php?rest_route=\/wp\/v2\/types\/page"}],"author":[{"embeddable":true,"href":"https:\/\/arec.asso.fr\/index.php?rest_route=\/wp\/v2\/users\/1"}],"replies":[{"embeddable":true,"href":"https:\/\/arec.asso.fr\/index.php?rest_route=%2Fwp%2Fv2%2Fcomments&post=94"}],"version-history":[{"count":0,"href":"https:\/\/arec.asso.fr\/index.php?rest_route=\/wp\/v2\/pages\/94\/revisions"}],"up":[{"embeddable":true,"href":"https:\/\/arec.asso.fr\/index.php?rest_route=\/wp\/v2\/pages\/31"}],"wp:attachment":[{"href":"https:\/\/arec.asso.fr\/index.php?rest_route=%2Fwp%2Fv2%2Fmedia&parent=94"}],"curies":[{"name":"wp","href":"https:\/\/api.w.org\/{rel}","templated":true}]}}