{"id":54,"date":"2014-10-27T14:03:10","date_gmt":"2014-10-27T13:03:10","guid":{"rendered":"http:\/\/aresasso.wordpress.com\/?page_id=54"},"modified":"2014-10-27T14:03:10","modified_gmt":"2014-10-27T13:03:10","slug":"2012-2","status":"publish","type":"page","link":"https:\/\/arec.asso.fr\/?page_id=54","title":{"rendered":"2012"},"content":{"rendered":"<h3>Programme<\/h3>\n<p>Consultez le <a href=\"http:\/\/arec.asso.fr\/wp-content\/uploads\/2014\/10\/2012programme15-16juin.pdf\" target=\"_blank\">programme<\/a>\u00a0du colloque qui se tiendra les 15 et 16 juin 2012 \u00e0 l&rsquo;Universit\u00e9 Paris Diderot, Grands Moulins, salle 479 C.<\/p>\n<h3>Appel \u00e0 communications<\/h3>\n<p>L&rsquo;Association Recherche et Enseignement du Chinois (AREC) organisera les <b>15 et 16 juin 2012 \u00e0 Paris<\/b> un colloque national ayant pour th\u00e8me :<b> \u00ab\u00a0Calligraphie chinoise : th\u00e9orie et application \u00e0 l&rsquo;enseignement<\/b><\/p>\n<p>Le but de ce colloque est de cr\u00e9er un espace de r\u00e9flexion o\u00f9 enseignants et chercheurs pourront \u00e9changer leurs id\u00e9es autour de la question de la th\u00e9orie et de l\u2019enseignement de la calligraphie en France.<\/p>\n<p>En Chine, les \u00e9coliers chinois doivent pratiquer la calligraphie une quinzaine de minutes par jour. Le but de cet exercice est de permettre aux \u00e9l\u00e8ves de s\u2019initier \u00e0 la culture chinoise ancienne et traditionnelle, d\u2019appr\u00e9hender le lien entre l\u2019\u00e9criture \/ calligraphie, les \u00e9l\u00e9ments de la Nature, les notions de \u00ab souffle \u00bb et de Yin \u2013 Yang (une r\u00e9duction du cosmos), qui sont au c\u0153ur de la pens\u00e9e et de la culture chinoise.<\/p>\n<p>En France, certaines universit\u00e9s ont ajout\u00e9 un cours de calligraphie chinoise \u00e0 leur programme pour expliquer la composition des caract\u00e8res de forme carr\u00e9e, pour d\u00e9montrer \u00e0 la fois la pertinence des combinaisons des traits et des graph\u00e8mes et l\u2019esprit, la sensibilit\u00e9, la mani\u00e8re d\u2019\u00eatre et l\u2019id\u00e9e de beaut\u00e9 \u00e0 travers le pinceau, le papier de \u00ab riz \u00bb et l\u2019encre, stimulant ainsi la mn\u00e9motechnique des caract\u00e8res, une meilleure appr\u00e9hension du syst\u00e8me de l\u2019\u00e9criture chinoise, ainsi que l\u2019int\u00e9r\u00eat des \u00e9tudiants pour une compr\u00e9hension au sens large de la culture chinoise.<\/p>\n<p>L\u2019objectif de ce colloque est de favoriser l\u2019enseignement du chinois \u00e0 l\u2019\u00e9tranger et en France. L\u2019enseignement de la calligraphie chinoise est un domaine neuf et cr\u00e9atif, qui a besoin de contributions, d\u2019essais et de critiques. Vous \u00eates invit\u00e9s \u00e0 nous faire part de vos r\u00e9flexions dans les domaines de l\u2019\u00e9pigraphie, de l\u2019esth\u00e9tique, de l\u2019art, de la linguistique, de la p\u00e9dagogie, de l\u2019histoire de l&rsquo;art, de pr\u00e9f\u00e9rence dans une perspective interdisciplinaire, en privil\u00e9giant des visions et des approches ouvertes. Des contributions de toute nature autour du th\u00e8me central \u2013 et tr\u00e8s ouvert \u2013 sont les bienvenues. Les pr\u00e9sentations pourront prendre en compte les questions suivantes :<\/p>\n<p>&nbsp;<\/p>\n<ul>\n<li>La relation entre \u00e9criture et calligraphie<\/li>\n<li>L\u2019histoire de l\u2019\u00e9criture chinoise, l\u2019\u00e9volution de la calligraphie chinoise, les techniques de la calligraphie chinoise<\/li>\n<li>Les th\u00e9ories esth\u00e9tiques de la calligraphie chinoise<\/li>\n<li>L\u2019enseignement et la didactique de la calligraphie chinoise<\/li>\n<\/ul>\n<p>&nbsp;<\/p>\n<p>Ce colloque aura pour but d\u2019\u00e9tablir une relation de compl\u00e9mentarit\u00e9 entre les diff\u00e9rentes approches, qui ne seront pas limit\u00e9es \u00e0 un seul domaine de l\u2019art, de l\u2019\u00e9pigraphie, ou de l\u2019enseignement p\u00e9dagogique ; d\u2019autres formes de repr\u00e9sentation \u2013 textuelles, picturales, vid\u00e9os \u2013 y auront toute leur place. Il s\u2019agira par ailleurs de confronter les aires culturelles et les \u00e9poques pour tenter de dresser un panorama raisonn\u00e9 des probl\u00e9matiques rencontr\u00e9es.<\/p>\n<p>Les propositions de communication (une demi-page) sont \u00e0 envoyer au plus tard <b>le 15 mars 2012<\/b> \u00e0 l\u2019adresse suivante :<\/p>\n<p><a href=\"mailto:info@arec.asso.fr\">info@arec.asso.fr<\/a><\/p>\n<p>Les langues de communication pour le colloque sont le fran\u00e7ais et le chinois. Cependant, en cas de publication des actes \u00e0 l\u2019issue du colloque, les articles d\u00e9finitifs devront \u00eatre r\u00e9dig\u00e9s en fran\u00e7ais.<\/p>\n<p>&nbsp;<\/p>\n<p><span style=\"text-decoration:underline;\">Calendrier :<\/span><\/p>\n<p>Date limite de remise des propositions : 15 mars 2012<\/p>\n<p>Notification d\u2019acceptation : 10 avril 2012<\/p>\n<p>Publication du programme : fin mai 2012<\/p>\n<p>&nbsp;<\/p>\n<p><span style=\"text-decoration:underline;\">Comit\u00e9 d&rsquo;organisation<\/span><\/p>\n<p>Xiaohong Li, MCF \u00e0 l\u2019universit\u00e9 d\u2019Artois (UFR de langues et civilisations \u00e9trang\u00e8res) : zhongyao.li[@]orange.fr<\/p>\n<p>Odile Roth, doctorante \u00e0 l\u2019INALCO : odile.roth[@]free.fr<\/p>\n","protected":false},"excerpt":{"rendered":"<p>Programme Consultez le programme\u00a0du colloque qui se tiendra les 15 et 16 juin 2012 \u00e0 l&rsquo;Universit\u00e9 Paris Diderot, Grands Moulins, salle 479 C. Appel \u00e0 communications L&rsquo;Association Recherche et Enseignement du Chinois (AREC) organisera les 15 et 16 juin 2012 \u00e0 Paris un colloque national ayant pour th\u00e8me : \u00ab\u00a0Calligraphie chinoise : th\u00e9orie et application&hellip;<\/p>\n","protected":false},"author":1,"featured_media":0,"parent":31,"menu_order":4,"comment_status":"open","ping_status":"closed","template":"page-templates\/template-full-width.php","meta":{"footnotes":""},"class_list":["post-54","page","type-page","status-publish","hentry"],"_links":{"self":[{"href":"https:\/\/arec.asso.fr\/index.php?rest_route=\/wp\/v2\/pages\/54","targetHints":{"allow":["GET"]}}],"collection":[{"href":"https:\/\/arec.asso.fr\/index.php?rest_route=\/wp\/v2\/pages"}],"about":[{"href":"https:\/\/arec.asso.fr\/index.php?rest_route=\/wp\/v2\/types\/page"}],"author":[{"embeddable":true,"href":"https:\/\/arec.asso.fr\/index.php?rest_route=\/wp\/v2\/users\/1"}],"replies":[{"embeddable":true,"href":"https:\/\/arec.asso.fr\/index.php?rest_route=%2Fwp%2Fv2%2Fcomments&post=54"}],"version-history":[{"count":0,"href":"https:\/\/arec.asso.fr\/index.php?rest_route=\/wp\/v2\/pages\/54\/revisions"}],"up":[{"embeddable":true,"href":"https:\/\/arec.asso.fr\/index.php?rest_route=\/wp\/v2\/pages\/31"}],"wp:attachment":[{"href":"https:\/\/arec.asso.fr\/index.php?rest_route=%2Fwp%2Fv2%2Fmedia&parent=54"}],"curies":[{"name":"wp","href":"https:\/\/api.w.org\/{rel}","templated":true}]}}