{"id":5,"date":"2014-10-27T08:10:46","date_gmt":"2014-10-27T07:10:46","guid":{"rendered":"http:\/\/aresasso.wordpress.com\/?page_id=1"},"modified":"2017-01-24T08:52:19","modified_gmt":"2017-01-24T07:52:19","slug":"a-propos","status":"publish","type":"page","link":"https:\/\/arec.asso.fr\/?page_id=5","title":{"rendered":"Association"},"content":{"rendered":"<h2>Bienvenue sur le site de l&rsquo;AREC<\/h2>\n<p>Association loi 1901 fond\u00e9e en 2002, l\u2019AREC a pour vocation de\u00a0 :<\/p>\n<ul>\n<li>contribuer \u00e0 l\u2019am\u00e9lioration de l\u2019enseignement du chinois dans les \u00e9tablissements d\u2019enseignement sup\u00e9rieur fran\u00e7ais, universit\u00e9s, instituts et grandes \u00e9coles<\/li>\n<li>favoriser par tous les moyens le d\u00e9veloppement, la mise en commun et la diffusion des recherches scientifiques et des r\u00e9alisations p\u00e9dagogiques relevant des domaines de la didactique, de la linguistique et de la civilisation chinoises<\/li>\n<\/ul>\n<p>Dans ce cadre, l\u2019association s\u2019attache particuli\u00e8rement \u00e0 d\u00e9velopper des collaborations avec les institutions et \u00e9tablissements d\u2019enseignement sup\u00e9rieur chinois et \u00e9trangers<\/p>\n<p>Parrain\u00e9e par le Bureau de l\u2019Enseignement du chinois du Minist\u00e8re chinois de l\u2019Education (<span style=\"font-family: SimSun;\">\u6c49\u529e<\/span>) et l\u2019Universit\u00e9 des Langues et Cultures de P\u00e9kin (<span style=\"font-family: SimSun;\">\u5317\u4eac\u8bed\u8a00\u6587\u5316\u5927\u5b66<\/span>), l\u2019AREC<\/p>\n<ul>\n<li>organise chaque ann\u00e9e un colloque ou une journ\u00e9e d\u2019\u00e9tude portant sur diff\u00e9rents domaines li\u00e9s aux \u00e9tudes chinoises : linguistique, didactique, traduction, litt\u00e9rature, philosophie, histoire, etc.<\/li>\n<li>soutient scientifiquement et mat\u00e9riellement des projets transversaux de recherches ou d\u2019\u00e9laboration de supports p\u00e9dagogiques, comme en t\u00e9moigne la r\u00e9cente parution du <i>Dictionnaire pratique des r\u00e9sultatifs du chinois contemporain<\/i>.<\/li>\n<\/ul>\n<p>Au-del\u00e0 de ces activit\u00e9s, l\u2019AREC se veut avant tout une plateforme d\u2019\u00e9change, ouverte \u00e0 toutes les r\u00e9flexions et \u00e9tudes portant sur les domaines de la recherche ou de l\u2019enseignement du chinois.<\/p>\n<p>&nbsp;<\/p>\n<p style=\"text-align: center;\"><strong>Copyright \u00a9 AREC \u2013 2017<\/strong><\/p>\n","protected":false},"excerpt":{"rendered":"<p>Bienvenue sur le site de l&rsquo;AREC Association loi 1901 fond\u00e9e en 2002, l\u2019AREC a pour vocation de\u00a0 : contribuer \u00e0 l\u2019am\u00e9lioration de l\u2019enseignement du chinois dans les \u00e9tablissements d\u2019enseignement sup\u00e9rieur fran\u00e7ais, universit\u00e9s, instituts et grandes \u00e9coles favoriser par tous les moyens le d\u00e9veloppement, la mise en commun et la diffusion des recherches scientifiques et des&hellip;<\/p>\n","protected":false},"author":1,"featured_media":0,"parent":0,"menu_order":0,"comment_status":"open","ping_status":"closed","template":"page-templates\/template-full-width.php","meta":{"footnotes":""},"class_list":["post-5","page","type-page","status-publish","hentry"],"_links":{"self":[{"href":"https:\/\/arec.asso.fr\/index.php?rest_route=\/wp\/v2\/pages\/5","targetHints":{"allow":["GET"]}}],"collection":[{"href":"https:\/\/arec.asso.fr\/index.php?rest_route=\/wp\/v2\/pages"}],"about":[{"href":"https:\/\/arec.asso.fr\/index.php?rest_route=\/wp\/v2\/types\/page"}],"author":[{"embeddable":true,"href":"https:\/\/arec.asso.fr\/index.php?rest_route=\/wp\/v2\/users\/1"}],"replies":[{"embeddable":true,"href":"https:\/\/arec.asso.fr\/index.php?rest_route=%2Fwp%2Fv2%2Fcomments&post=5"}],"version-history":[{"count":2,"href":"https:\/\/arec.asso.fr\/index.php?rest_route=\/wp\/v2\/pages\/5\/revisions"}],"predecessor-version":[{"id":336,"href":"https:\/\/arec.asso.fr\/index.php?rest_route=\/wp\/v2\/pages\/5\/revisions\/336"}],"wp:attachment":[{"href":"https:\/\/arec.asso.fr\/index.php?rest_route=%2Fwp%2Fv2%2Fmedia&parent=5"}],"curies":[{"name":"wp","href":"https:\/\/api.w.org\/{rel}","templated":true}]}}