{"id":249,"date":"2015-01-07T12:07:05","date_gmt":"2015-01-07T11:07:05","guid":{"rendered":"https:\/\/aresasso.wordpress.com\/?page_id=249"},"modified":"2015-01-07T18:14:50","modified_gmt":"2015-01-07T17:14:50","slug":"2013-2-2","status":"publish","type":"page","link":"https:\/\/arec.asso.fr\/?page_id=249","title":{"rendered":"2013"},"content":{"rendered":"<h2 style=\"text-align: center;\"><strong>Colloque international de l\u2019AREC <\/strong><br \/>\n<strong>\u00ab La quantification en chinois et son acquisition \u00bb<br \/>\n<\/strong><br \/>\n<strong>Appel \u00e0 communications<\/strong><\/h2>\n<p>&nbsp;<\/p>\n<p style=\"text-align: justify;\">Le colloque se tiendra \u00e0 l\u2019INALCO, Paris (Auditorium, 65 rue des Grands Moulins, 75013 Paris) les 24 et 25 mai 2013.<br \/>\nNous invitons toutes les personnes int\u00e9ress\u00e9es \u00e0 soumettre une proposition de communication de 20 minutes suivie de 10 minutes de discussion avant le<\/p>\n<p style=\"text-align: center;\"><strong><span style=\"color: #ff0000;\">15 Mars 2013<\/span><\/strong><\/p>\n<p style=\"text-align: justify;\">Les langues de communication accept\u00e9es sont l\u2019anglais et le chinois.<br \/>\nFrais d\u2019inscription : 40 \u20ac ; 20 \u20ac pour les \u00e9tudiants.<br \/>\nPour toute question, n\u2019h\u00e9sitez pas \u00e0 contacter.<\/p>\n<h2 style=\"text-align: justify;\">Le comit\u00e9 d\u2019organisation<\/h2>\n<p style=\"text-align: justify;\"><strong>Xu Dan<\/strong> xudan@ehess.fr<br \/>\n<strong>Qi Chong<\/strong> qi.chong@univ-paris-diderot.fr<br \/>\n<strong>Odile Roth<\/strong> odile.roth@free.fr<br \/>\n<strong>Huang Xiaohong<\/strong> huang_xiaohong2003@yahoo.fr<\/p>\n<h3 style=\"text-align: center;\"><a href=\"http:\/\/arec.asso.fr\/wp-content\/uploads\/2015\/01\/2013-expression-and-acquisition-of-quantification-in-the-chinese-language.pdf\" target=\"_blank\">T\u00e9l\u00e9charger le programme<\/a><\/h3>\n","protected":false},"excerpt":{"rendered":"<p>Colloque international de l\u2019AREC \u00ab La quantification en chinois et son acquisition \u00bb Appel \u00e0 communications &nbsp; Le colloque se tiendra \u00e0 l\u2019INALCO, Paris (Auditorium, 65 rue des Grands Moulins, 75013 Paris) les 24 et 25 mai 2013. Nous invitons toutes les personnes int\u00e9ress\u00e9es \u00e0 soumettre une proposition de communication de 20 minutes suivie de&hellip;<\/p>\n","protected":false},"author":1,"featured_media":0,"parent":31,"menu_order":0,"comment_status":"open","ping_status":"closed","template":"page-templates\/template-full-width.php","meta":{"footnotes":""},"class_list":["post-249","page","type-page","status-publish","hentry"],"_links":{"self":[{"href":"https:\/\/arec.asso.fr\/index.php?rest_route=\/wp\/v2\/pages\/249","targetHints":{"allow":["GET"]}}],"collection":[{"href":"https:\/\/arec.asso.fr\/index.php?rest_route=\/wp\/v2\/pages"}],"about":[{"href":"https:\/\/arec.asso.fr\/index.php?rest_route=\/wp\/v2\/types\/page"}],"author":[{"embeddable":true,"href":"https:\/\/arec.asso.fr\/index.php?rest_route=\/wp\/v2\/users\/1"}],"replies":[{"embeddable":true,"href":"https:\/\/arec.asso.fr\/index.php?rest_route=%2Fwp%2Fv2%2Fcomments&post=249"}],"version-history":[{"count":2,"href":"https:\/\/arec.asso.fr\/index.php?rest_route=\/wp\/v2\/pages\/249\/revisions"}],"predecessor-version":[{"id":261,"href":"https:\/\/arec.asso.fr\/index.php?rest_route=\/wp\/v2\/pages\/249\/revisions\/261"}],"up":[{"embeddable":true,"href":"https:\/\/arec.asso.fr\/index.php?rest_route=\/wp\/v2\/pages\/31"}],"wp:attachment":[{"href":"https:\/\/arec.asso.fr\/index.php?rest_route=%2Fwp%2Fv2%2Fmedia&parent=249"}],"curies":[{"name":"wp","href":"https:\/\/api.w.org\/{rel}","templated":true}]}}

<h2 style="text-align: center;"><strong>Colloque international de l’AREC </strong><br />
<strong>« La quantification en chinois et son acquisition »<br />
</strong><br />
<strong>Appel à communications</strong></h2>
<p>&nbsp;</p>
<p style="text-align: justify;">Le colloque se tiendra à l’INALCO, Paris (Auditorium, 65 rue des Grands Moulins, 75013 Paris) les 24 et 25 mai 2013.<br />
Nous invitons toutes les personnes intéressées à soumettre une proposition de communication de 20 minutes suivie de 10 minutes de discussion avant le</p>
<p style="text-align: center;"><strong><span style="color: #ff0000;">15 Mars 2013</span></strong></p>
<p style="text-align: justify;">Les langues de communication acceptées sont l’anglais et le chinois.<br />
Frais d’inscription : 40 € ; 20 € pour les étudiants.<br />
Pour toute question, n’hésitez pas à contacter.</p>
<h2 style="text-align: justify;">Le comité d’organisation</h2>
<p style="text-align: justify;"><strong>Xu Dan</strong> xudan@ehess.fr<br />
<strong>Qi Chong</strong> qi.chong@univ-paris-diderot.fr<br />
<strong>Odile Roth</strong> odile.roth@free.fr<br />
<strong>Huang Xiaohong</strong> huang_xiaohong2003@yahoo.fr</p>
<h3 style="text-align: center;"><a href="http://arec.asso.fr/wp-content/uploads/2015/01/2013-expression-and-acquisition-of-quantification-in-the-chinese-language.pdf" target="_blank">Télécharger le programme</a></h3>

<p>Colloque international de l’AREC « La quantification en chinois et son acquisition » Appel à communications &nbsp; Le colloque se tiendra à l’INALCO, Paris (Auditorium, 65 rue des Grands Moulins, 75013 Paris) les 24 et 25 mai 2013. Nous invitons toutes les personnes intéressées à soumettre une proposition de communication de 20 minutes suivie de&hellip;</p>
