{"id":24,"date":"2014-10-27T13:12:19","date_gmt":"2014-10-27T12:12:19","guid":{"rendered":"http:\/\/aresasso.wordpress.com\/?page_id=24"},"modified":"2016-07-09T07:41:25","modified_gmt":"2016-07-09T06:41:25","slug":"le-bureau","status":"publish","type":"page","link":"https:\/\/arec.asso.fr\/?page_id=24","title":{"rendered":"Membres du Bureau"},"content":{"rendered":"<p>Lors de l&rsquo;Assembl\u00e9e g\u00e9n\u00e9rale du 5\u00a0juin 2014 ont \u00e9t\u00e9 \u00e9lus membres du bureau \u00e0 l&rsquo;unanimit\u00e9\u00a0 :<\/p>\n<ul>\n<li>CHEN Yan-Zhen (Universit\u00e9 de Strasbourg), webmaster<\/li>\n<li>Mariarosaria, GIANNINOTO (Universit\u00e9 Stendhal-Grenoble 3)<\/li>\n<li>HUANG Xiaohong (INALCO)<\/li>\n<li>LI Xiaohong (Universit\u00e9 d&rsquo;Artois), vice-pr\u00e9sidente<\/li>\n<li>QI Chong (Universit\u00e9 Paris 7), pr\u00e9sident<\/li>\n<li>RAO Ya (Universit\u00e9 de Provence), webmaster<\/li>\n<li>YAO Ruoyu (INALCO), tr\u00e9sori\u00e8re<\/li>\n<li>YU Xinyue C\u00e9cilia (Universit\u00e9 Paris-Diderot)<\/li>\n<\/ul>\n<p>&nbsp;<\/p>\n","protected":false},"excerpt":{"rendered":"<p>Lors de l&rsquo;Assembl\u00e9e g\u00e9n\u00e9rale du 5\u00a0juin 2014 ont \u00e9t\u00e9 \u00e9lus membres du bureau \u00e0 l&rsquo;unanimit\u00e9\u00a0 : CHEN Yan-Zhen (Universit\u00e9 de Strasbourg), webmaster Mariarosaria, GIANNINOTO (Universit\u00e9 Stendhal-Grenoble 3) HUANG Xiaohong (INALCO) LI Xiaohong (Universit\u00e9 d&rsquo;Artois), vice-pr\u00e9sidente QI Chong (Universit\u00e9 Paris 7), pr\u00e9sident RAO Ya (Universit\u00e9 de Provence), webmaster YAO Ruoyu (INALCO), tr\u00e9sori\u00e8re YU Xinyue C\u00e9cilia (Universit\u00e9&hellip;<\/p>\n","protected":false},"author":1,"featured_media":0,"parent":5,"menu_order":3,"comment_status":"open","ping_status":"closed","template":"page-templates\/template-full-width.php","meta":{"footnotes":""},"class_list":["post-24","page","type-page","status-publish","hentry"],"_links":{"self":[{"href":"https:\/\/arec.asso.fr\/index.php?rest_route=\/wp\/v2\/pages\/24","targetHints":{"allow":["GET"]}}],"collection":[{"href":"https:\/\/arec.asso.fr\/index.php?rest_route=\/wp\/v2\/pages"}],"about":[{"href":"https:\/\/arec.asso.fr\/index.php?rest_route=\/wp\/v2\/types\/page"}],"author":[{"embeddable":true,"href":"https:\/\/arec.asso.fr\/index.php?rest_route=\/wp\/v2\/users\/1"}],"replies":[{"embeddable":true,"href":"https:\/\/arec.asso.fr\/index.php?rest_route=%2Fwp%2Fv2%2Fcomments&post=24"}],"version-history":[{"count":2,"href":"https:\/\/arec.asso.fr\/index.php?rest_route=\/wp\/v2\/pages\/24\/revisions"}],"predecessor-version":[{"id":332,"href":"https:\/\/arec.asso.fr\/index.php?rest_route=\/wp\/v2\/pages\/24\/revisions\/332"}],"up":[{"embeddable":true,"href":"https:\/\/arec.asso.fr\/index.php?rest_route=\/wp\/v2\/pages\/5"}],"wp:attachment":[{"href":"https:\/\/arec.asso.fr\/index.php?rest_route=%2Fwp%2Fv2%2Fmedia&parent=24"}],"curies":[{"name":"wp","href":"https:\/\/api.w.org\/{rel}","templated":true}]}}