{"id":105,"date":"2014-10-27T15:20:00","date_gmt":"2014-10-27T14:20:00","guid":{"rendered":"http:\/\/aresasso.wordpress.com\/?page_id=105"},"modified":"2015-10-18T20:52:15","modified_gmt":"2015-10-18T19:52:15","slug":"adhesions","status":"publish","type":"page","link":"https:\/\/arec.asso.fr\/?page_id=105","title":{"rendered":"Adh\u00e9sions"},"content":{"rendered":"<p>Afin d&rsquo;adh\u00e9rer \u00e0 l&rsquo;AREC, merci de bien vouloir <a href=\"http:\/\/arec.asso.fr\/wp-content\/uploads\/2014\/10\/Bulletin-adhesion_2015.pdf\" target=\"_blank\">t\u00e9l\u00e9charger ce formulaire<\/a>\u00a0et le retourner rempli par voie postale au si\u00e8ge de l&rsquo;AREC avec le r\u00e8glement des frais d&rsquo;inscription.<\/p>\n","protected":false},"excerpt":{"rendered":"<p>Afin d&rsquo;adh\u00e9rer \u00e0 l&rsquo;AREC, merci de bien vouloir t\u00e9l\u00e9charger ce formulaire\u00a0et le retourner rempli par voie postale au si\u00e8ge de l&rsquo;AREC avec le r\u00e8glement des frais d&rsquo;inscription.<\/p>\n","protected":false},"author":1,"featured_media":0,"parent":0,"menu_order":0,"comment_status":"open","ping_status":"closed","template":"page-templates\/template-full-width.php","meta":{"footnotes":""},"class_list":["post-105","page","type-page","status-publish","hentry"],"_links":{"self":[{"href":"https:\/\/arec.asso.fr\/index.php?rest_route=\/wp\/v2\/pages\/105","targetHints":{"allow":["GET"]}}],"collection":[{"href":"https:\/\/arec.asso.fr\/index.php?rest_route=\/wp\/v2\/pages"}],"about":[{"href":"https:\/\/arec.asso.fr\/index.php?rest_route=\/wp\/v2\/types\/page"}],"author":[{"embeddable":true,"href":"https:\/\/arec.asso.fr\/index.php?rest_route=\/wp\/v2\/users\/1"}],"replies":[{"embeddable":true,"href":"https:\/\/arec.asso.fr\/index.php?rest_route=%2Fwp%2Fv2%2Fcomments&post=105"}],"version-history":[{"count":3,"href":"https:\/\/arec.asso.fr\/index.php?rest_route=\/wp\/v2\/pages\/105\/revisions"}],"predecessor-version":[{"id":291,"href":"https:\/\/arec.asso.fr\/index.php?rest_route=\/wp\/v2\/pages\/105\/revisions\/291"}],"wp:attachment":[{"href":"https:\/\/arec.asso.fr\/index.php?rest_route=%2Fwp%2Fv2%2Fmedia&parent=105"}],"curies":[{"name":"wp","href":"https:\/\/api.w.org\/{rel}","templated":true}]}}