{"id":100,"date":"2014-10-27T14:58:00","date_gmt":"2014-10-27T13:58:00","guid":{"rendered":"http:\/\/aresasso.wordpress.com\/?page_id=100"},"modified":"2016-07-09T07:38:24","modified_gmt":"2016-07-09T06:38:24","slug":"membre","status":"publish","type":"page","link":"https:\/\/arec.asso.fr\/?page_id=100","title":{"rendered":"Membres"},"content":{"rendered":"<h2 style=\"text-align: center;\">Liste des membres de l&rsquo;AREC<\/h2>\n<p style=\"text-align: center;\">(mis \u00e0 jour en octobre 2014)<\/p>\n<p><strong>\u00a0Membres individuels<\/strong><\/p>\n<hr \/>\n<p>Stefania AFFATATO, University of Verona<\/p>\n<p>R\u00e9mi ANICOTTE, Institut National des Langues et Civilisations Orientales<\/p>\n<p>Giorgio Francesco ARCODIA, Universit\u00e0 degli Studi di Milano-Bicocca<\/p>\n<p>Agn\u00e8s AUGER, Lyc\u00e9e Henri IV<\/p>\n<p>Nathalie BARTHELEMY<\/p>\n<p>Bianca BASCIANO, Universit\u00e0 degli Studi di Milano-Bicocca<\/p>\n<p>CHEN, Yan-Zhen, Universit\u00e9 de Strasbourg<\/p>\n<p>Murielle FABRE, Institut National des Langues et Civilisations Orientales<\/p>\n<p>Mariarosaria, GIANNINOTO, Universit\u00e9\u00a0Stendhal-Grenoble 3<\/p>\n<p>HAN Zhaohong, Columbia University<\/p>\n<p>Cyril HERIARD<\/p>\n<p>Monique HOA<\/p>\n<p>HU Ruixue, Ming Chuan University, Taiwan<\/p>\n<p>HUANG Xiaohong, Institut National des Langues et Civilisations Orientales<\/p>\n<p>HUO Jin<\/p>\n<p>JIN Siyan, Universit\u00e9 d&rsquo;Artois<\/p>\n<p>KAO Grant, National Taiwan Normal Univesity<\/p>\n<p>Christine LAMARRE, Institut National des Langues et Civilisations Orientales<\/p>\n<p>Marie LAUREILLARD, Universit\u00e9 de<\/p>\n<p>LI Xiaohan<\/p>\n<p>LI Xiaohong,\u00a0Universit\u00e9 d&rsquo;Artois<\/p>\n<p>LIN Jang-ling<\/p>\n<p>LIU Feng-hsi, University of Arizona<\/p>\n<p>LIU Meizhu<\/p>\n<p>LUO Futeng, SIM University, Singapore<\/p>\n<p>Fabienne MARC, Institut National des Langues et Civilisations Orientales<\/p>\n<p>Barbara MEISTERERNST, University of Gent<\/p>\n<p>MIAO Jun<\/p>\n<p>NI Ping, Institut National des Langues et Civilisations Orientales<\/p>\n<p>Ga\u00ebl PATIN, Institut National des Langues et Civilisations Orientales<\/p>\n<p>Gr\u00e2ce Honghua POIZAT-XIE, Universit\u00e9 de Gen\u00e8ve<\/p>\n<p>QI CHong, Universit\u00e9 Paris Diderot &#8211; Paris VII<\/p>\n<p>RAO Ya, Universit\u00e9 de Provence<\/p>\n<p>Doroth\u00e9e RIHAL<\/p>\n<p>Pierre de la ROBERTIE, Universit\u00e9 de Rennes II<\/p>\n<p>Odile ROTH, Institut National des Langues et Civilisations Orientales<\/p>\n<p>Liyan SARFIS, Institut National des Langues et Civilisations Orientales<\/p>\n<p>Helen SHEN, University of Iowa<\/p>\n<p>SONG Na<\/p>\n<p>Adeline Tan,\u00a0Institut National des Langues et Civilisations Orientales<\/p>\n<p>Sarah VISEUX-GALINDO, Institut National des Langues et Civilisations Orientales<\/p>\n<p>Fr\u00e9d\u00e9ric WANG, Institut National des Langues et Civilisations Orientales<\/p>\n<p>Jenny WANG, United States Naval Academy<\/p>\n<p>WANG Jue, United States Air Force Academy<\/p>\n<p>WU Li-chi<\/p>\n<p>XIONG Judie Jiaojuan, University of Hong Kong<\/p>\n<p>XU Dan, Institut National des Langues et Civilisations Orientales<\/p>\n<p>XU Shuang, Universit\u00e9 Paris Diderot &#8211; Paris VII<\/p>\n<p>YAO Ruoyu, Institut National des Langues et Civilisations Orientales<\/p>\n<p>YIP Sicwah<\/p>\n<p>ZHANG Fangxin<\/p>\n<p>Lucie ZHANG-LECLERC<\/p>\n<p>ZHANG Shuai<\/p>\n<p>ZHAO Hongyang<\/p>\n<p>&nbsp;<\/p>\n<h3><strong>Membres institutionnels<\/strong><\/h3>\n<hr \/>\n<p>Institut Confucius de l&rsquo;Artois<\/p>\n<p>&nbsp;<\/p>\n<hr \/>\n<p style=\"text-align: center;\">*Si vous avez adh\u00e9r\u00e9 \u00e0 l&rsquo;association et que votre nom n&rsquo;appara\u00eet pas dans la liste ci-dessus, merci de nous le signaler<\/p>\n","protected":false},"excerpt":{"rendered":"<p>Liste des membres de l&rsquo;AREC (mis \u00e0 jour en octobre 2014) \u00a0Membres individuels Stefania AFFATATO, University of Verona R\u00e9mi ANICOTTE, Institut National des Langues et Civilisations Orientales Giorgio Francesco ARCODIA, Universit\u00e0 degli Studi di Milano-Bicocca Agn\u00e8s AUGER, Lyc\u00e9e Henri IV Nathalie BARTHELEMY Bianca BASCIANO, Universit\u00e0 degli Studi di Milano-Bicocca CHEN, Yan-Zhen, Universit\u00e9 de Strasbourg Murielle&hellip;<\/p>\n","protected":false},"author":1,"featured_media":0,"parent":0,"menu_order":0,"comment_status":"open","ping_status":"closed","template":"page-templates\/template-full-width.php","meta":{"footnotes":""},"class_list":["post-100","page","type-page","status-publish","hentry"],"_links":{"self":[{"href":"https:\/\/arec.asso.fr\/index.php?rest_route=\/wp\/v2\/pages\/100","targetHints":{"allow":["GET"]}}],"collection":[{"href":"https:\/\/arec.asso.fr\/index.php?rest_route=\/wp\/v2\/pages"}],"about":[{"href":"https:\/\/arec.asso.fr\/index.php?rest_route=\/wp\/v2\/types\/page"}],"author":[{"embeddable":true,"href":"https:\/\/arec.asso.fr\/index.php?rest_route=\/wp\/v2\/users\/1"}],"replies":[{"embeddable":true,"href":"https:\/\/arec.asso.fr\/index.php?rest_route=%2Fwp%2Fv2%2Fcomments&post=100"}],"version-history":[{"count":2,"href":"https:\/\/arec.asso.fr\/index.php?rest_route=\/wp\/v2\/pages\/100\/revisions"}],"predecessor-version":[{"id":330,"href":"https:\/\/arec.asso.fr\/index.php?rest_route=\/wp\/v2\/pages\/100\/revisions\/330"}],"wp:attachment":[{"href":"https:\/\/arec.asso.fr\/index.php?rest_route=%2Fwp%2Fv2%2Fmedia&parent=100"}],"curies":[{"name":"wp","href":"https:\/\/api.w.org\/{rel}","templated":true}]}}